{"id":383,"date":"2014-05-30T12:39:32","date_gmt":"2014-05-30T12:39:32","guid":{"rendered":"http:\/\/srdonline.net\/index.php\/home\/?lang=es"},"modified":"2022-11-23T01:59:37","modified_gmt":"2022-11-23T01:59:37","slug":"home","status":"publish","type":"page","link":"https:\/\/srdonline.net\/index.php\/home\/?lang=es","title":{"rendered":"Home"},"content":{"rendered":"<p>[et_pb_section fullwidth=&#8221;on&#8221; specialty=&#8221;off&#8221;][et_pb_fullwidth_slider admin_label=&#8221;Fullwidth Slider&#8221; show_arrows=&#8221;on&#8221; show_pagination=&#8221;on&#8221; auto=&#8221;on&#8221; parallax=&#8221;off&#8221; auto_speed=&#8221;8000&#8243;][et_pb_slide heading=&#8221;SRD Soluciones Residenciales&#8221; button_text=&#8221;Saber M\u00e1s&#8221; button_link=&#8221;http:\/\/srdonline.net\/index.php\/contact-us\/&#8221; background_color=&#8221;#8d1bf4&#8243; alignment=&#8221;center&#8221; background_layout=&#8221;dark&#8221; background_image=&#8221;http:\/\/srdonline.net\/wp-content\/uploads\/2014\/05\/SRD-Back-Smart-Lighting.jpg&#8221; image_alt=&#8221;SRD-Background-Residential-Solutions&#8221;]<\/p>\n<p class=\"p1\">Creamos, distribu\u00edmos y damos soporte a soluciones de automatizaci\u00f3n del hogar para familias y negocios.<\/p>\n<p>[\/et_pb_slide][\/et_pb_fullwidth_slider][\/et_pb_section][et_pb_section][et_pb_row][et_pb_column type=&#8221;1_3&#8243;][et_pb_blurb admin_label=&#8221;Blurb&#8221; title=&#8221;Energ\u00eda Inteligente&#8221; url_new_window=&#8221;off&#8221; use_icon=&#8221;off&#8221; icon_color=&#8221;#2ea3f2&#8243; use_circle=&#8221;off&#8221; circle_color=&#8221;#2ea3f2&#8243; use_circle_border=&#8221;off&#8221; circle_border_color=&#8221;#2ea3f2&#8243; image=&#8221;http:\/\/srdonline.net\/wp-content\/uploads\/2014\/05\/Smart-Energy.png&#8221; icon_placement=&#8221;top&#8221; animation=&#8221;top&#8221; background_layout=&#8221;light&#8221; text_orientation=&#8221;center&#8221; alt=&#8221;SRD-Smart-Energy&#8221; url=&#8221;http:\/\/srdonline.net\/index.php\/smart-energy\/&#8221;] <span style=\"color: #686868;\">La Energ\u00eda Inteligente permite a los propietarios reducir el consumo de energ\u00eda, conservar recursos y ahorrar dinero, todo sin sacrificar comodidad o conveniencia.<\/span> [\/et_pb_blurb][\/et_pb_column][et_pb_column type=&#8221;1_3&#8243;][et_pb_blurb admin_label=&#8221;Blurb&#8221; title=&#8221;Seguridad&#8221; url_new_window=&#8221;off&#8221; use_icon=&#8221;off&#8221; icon_color=&#8221;#2ea3f2&#8243; use_circle=&#8221;off&#8221; circle_color=&#8221;#2ea3f2&#8243; use_circle_border=&#8221;off&#8221; circle_border_color=&#8221;#2ea3f2&#8243; image=&#8221;http:\/\/srdonline.net\/wp-content\/uploads\/2014\/06\/SRD-safety-security-copy.png&#8221; icon_placement=&#8221;top&#8221; animation=&#8221;top&#8221; background_layout=&#8221;light&#8221; text_orientation=&#8221;center&#8221; url=&#8221;http:\/\/srdonline.net\/index.php\/safety-security\/&#8221;] <span style=\"color: #686868;\">Con solo presionar un bot\u00f3n en su iPhone, los propietarios podr\u00e1n asegurar las puertas, activar el sistema de seguridad y revisar las c\u00e1maras de vigilancia.<\/span> [\/et_pb_blurb][\/et_pb_column][et_pb_column type=&#8221;1_3&#8243;][et_pb_blurb admin_label=&#8221;Blurb&#8221; title=&#8221;Iluminaci\u00f3n Inteligente&#8221; url_new_window=&#8221;off&#8221; use_icon=&#8221;off&#8221; icon_color=&#8221;#2ea3f2&#8243; use_circle=&#8221;off&#8221; circle_color=&#8221;#2ea3f2&#8243; use_circle_border=&#8221;off&#8221; circle_border_color=&#8221;#2ea3f2&#8243; image=&#8221;http:\/\/srdonline.net\/wp-content\/uploads\/2014\/05\/SRD-Intelligent-Lighting1.png&#8221; icon_placement=&#8221;top&#8221; animation=&#8221;top&#8221; background_layout=&#8221;light&#8221; text_orientation=&#8221;center&#8221; url=&#8221;http:\/\/srdonline.net\/index.php\/intelligent-lighting\/&#8221;] <span style=\"color: #686868;\">Un simple toque en su iPad o iPod puede activar iluminaci\u00f3n exterior y apagar toda la iluminaci\u00f3n interior para seguridad durante la noche y para ahorro de energ\u00eda.<\/span> [\/et_pb_blurb][\/et_pb_column][\/et_pb_row][\/et_pb_section][et_pb_section fullwidth=&#8221;off&#8221; specialty=&#8221;off&#8221;][et_pb_row][et_pb_column type=&#8221;1_3&#8243;][et_pb_blurb admin_label=&#8221;Blurb&#8221; title=&#8221;Control de Clima&#8221; url_new_window=&#8221;off&#8221; use_icon=&#8221;off&#8221; icon_color=&#8221;#7EBEC5&#8243; use_circle=&#8221;off&#8221; circle_color=&#8221;#7EBEC5&#8243; use_circle_border=&#8221;off&#8221; circle_border_color=&#8221;#7EBEC5&#8243; image=&#8221;http:\/\/srdonline.net\/wp-content\/uploads\/2014\/06\/SRD-Climate-Control-copy.png&#8221; icon_placement=&#8221;top&#8221; animation=&#8221;top&#8221; background_layout=&#8221;light&#8221; text_orientation=&#8221;center&#8221; alt=&#8221;SRD-Climate-Control&#8221; url=&#8221;http:\/\/srdonline.net\/index.php\/climate-control\/&#8221;] <span style=\"color: #686868;\">La tecnolog\u00eda de automatizaci\u00f3n del hogar permite a los propietarios monitorear los sistemas de calefacci\u00f3n y enfriamiento, controlar los termostatos, persianas y cortinas.<\/span> [\/et_pb_blurb][\/et_pb_column][et_pb_column type=&#8221;1_3&#8243;][et_pb_blurb admin_label=&#8221;Blurb&#8221; title=&#8221;Teatro en Casa&#8221; url_new_window=&#8221;off&#8221; use_icon=&#8221;off&#8221; icon_color=&#8221;#7EBEC5&#8243; use_circle=&#8221;off&#8221; circle_color=&#8221;#7EBEC5&#8243; use_circle_border=&#8221;off&#8221; circle_border_color=&#8221;#7EBEC5&#8243; image=&#8221;http:\/\/srdonline.net\/wp-content\/uploads\/2014\/06\/SRD-Home-Theater-copy.png&#8221; icon_placement=&#8221;top&#8221; animation=&#8221;top&#8221; background_layout=&#8221;light&#8221; text_orientation=&#8221;center&#8221; url=&#8221;http:\/\/srdonline.net\/index.php\/home-theatre\/&#8221;] <span style=\"color: #686868;\">Desde un sencillo cuarto de TV hasta un avanzado sistema de lujo de Teatro en Casa, proporcionamos experiencias visuales y auditivas din\u00e1micas y\u00a0de alta calidad.<\/span> [\/et_pb_blurb][\/et_pb_column][et_pb_column type=&#8221;1_3&#8243;][et_pb_blurb admin_label=&#8221;Blurb&#8221; title=&#8221;Audio&#8221; url_new_window=&#8221;off&#8221; use_icon=&#8221;off&#8221; icon_color=&#8221;#7EBEC5&#8243; use_circle=&#8221;off&#8221; circle_color=&#8221;#7EBEC5&#8243; use_circle_border=&#8221;off&#8221; circle_border_color=&#8221;#7EBEC5&#8243; image=&#8221;http:\/\/srdonline.net\/wp-content\/uploads\/2014\/06\/SRD-wholehouse-audio-copy-copy.png&#8221; icon_placement=&#8221;top&#8221; animation=&#8221;top&#8221; background_layout=&#8221;light&#8221; text_orientation=&#8221;center&#8221; url=&#8221;http:\/\/srdonline.net\/index.php\/whole-house-audio\/&#8221;] <span style=\"color: #686868;\">De suave\u00a0jazz a\u00a0rock, la soluci\u00f3n de audio multi-habitaci\u00f3n de SRD provee de un f\u00e1cil acceso y distribuci\u00f3n de una vasta librer\u00eda musica a cualquier cuarto.<\/span> [\/et_pb_blurb][\/et_pb_column][\/et_pb_row][\/et_pb_section][et_pb_section fullwidth=&#8221;off&#8221; specialty=&#8221;off&#8221; background_color=&#8221;#ededed&#8221; inner_shadow=&#8221;off&#8221; parallax=&#8221;off&#8221; parallax_method=&#8221;css&#8221;][et_pb_row][et_pb_column type=&#8221;1_4&#8243;][et_pb_image admin_label=&#8221;Image&#8221; src=&#8221;http:\/\/srdonline.net\/wp-content\/uploads\/2022\/11\/honeywell-logo-BYN.png&#8221; show_in_lightbox=&#8221;off&#8221; url_new_window=&#8221;on&#8221; animation=&#8221;left&#8221; url=&#8221;https:\/\/buildings.honeywell.com\/us\/en\/brands\/our-brands\/gamewell-fci\/solutions\/control-panels&#8221; \/][\/et_pb_column][et_pb_column type=&#8221;1_4&#8243;][et_pb_image admin_label=&#8221;Image&#8221; src=&#8221;http:\/\/srdonline.net\/wp-content\/uploads\/2014\/05\/LEVITON.png&#8221; show_in_lightbox=&#8221;off&#8221; url_new_window=&#8221;on&#8221; animation=&#8221;left&#8221; url=&#8221;http:\/\/www.leviton.com\/OA_HTML\/Home.jsp?minisite=10251&amp;respid=22372&#8243; \/][\/et_pb_column][et_pb_column type=&#8221;1_4&#8243;][et_pb_image admin_label=&#8221;Image&#8221; src=&#8221;http:\/\/srdonline.net\/wp-content\/uploads\/2014\/05\/Control-4.png&#8221; show_in_lightbox=&#8221;off&#8221; url_new_window=&#8221;on&#8221; animation=&#8221;left&#8221; url=&#8221;https:\/\/www.control4.com\/&#8221; \/][\/et_pb_column][et_pb_column type=&#8221;1_4&#8243;][et_pb_image admin_label=&#8221;Image&#8221; src=&#8221;http:\/\/srdonline.net\/wp-content\/uploads\/2022\/11\/Xorcom-Logo-BYN.png&#8221; show_in_lightbox=&#8221;off&#8221; url_new_window=&#8221;on&#8221; animation=&#8221;left&#8221; url=&#8221;https:\/\/www.xorcom.com\/&#8221; \/][\/et_pb_column][\/et_pb_row][\/et_pb_section][et_pb_section fullwidth=&#8221;off&#8221; specialty=&#8221;off&#8221; background_color=&#8221;#15bcb4&#8243; inner_shadow=&#8221;off&#8221; parallax=&#8221;off&#8221; parallax_method=&#8221;css&#8221;][et_pb_row][et_pb_column type=&#8221;4_4&#8243;][et_pb_cta admin_label=&#8221;Call To Action&#8221; title=&#8221;\u00bfDesea saber m\u00e1s?&#8221; button_text=&#8221;Cont\u00e1ctenos&#8221; use_background_color=&#8221;on&#8221; background_color=&#8221;#15bcb4&#8243; background_layout=&#8221;dark&#8221; text_orientation=&#8221;center&#8221; button_url=&#8221;http:\/\/srdonline.net\/index.php\/contact-us\/&#8221; \/][\/et_pb_column][\/et_pb_row][\/et_pb_section]<\/p>\n","protected":false},"excerpt":{"rendered":"<p>Creamos, distribu\u00edmos y damos soporte a soluciones de automatizaci\u00f3n del hogar para familias y negocios. <div class=\"et_pb_section et_pb_section_0 et_section_regular\" >\n\t\t\t\t\n\t\t\t\t\n\t\t\t\t\n\t\t\t\t\n\t\t\t\t\n\t\t\t\t\n\t\t\t\t\n\t\t\t\t\n\t\t\t\t\n\t\t\t<\/div><div class=\"et_pb_row et_pb_row_0 et_pb_row_empty\">\n\t\t\t\t\n\t\t\t\t\n\t\t\t\t\n\t\t\t\t\n\t\t\t\t\n\t\t\t<\/div> La Energ\u00eda Inteligente permite a los propietarios reducir el consumo de energ\u00eda, conservar recursos y ahorrar dinero, todo sin sacrificar comodidad o conveniencia. Con solo presionar un bot\u00f3n en su iPhone, los propietarios podr\u00e1n asegurar las puertas, activar el [&hellip;]<\/p>\n","protected":false},"author":1,"featured_media":0,"parent":0,"menu_order":0,"comment_status":"closed","ping_status":"closed","template":"","meta":{"_et_pb_use_builder":"on","_et_pb_old_content":"","_et_gb_content_width":"","footnotes":""},"class_list":["post-383","page","type-page","status-publish","hentry"],"_links":{"self":[{"href":"https:\/\/srdonline.net\/index.php\/wp-json\/wp\/v2\/pages\/383","targetHints":{"allow":["GET"]}}],"collection":[{"href":"https:\/\/srdonline.net\/index.php\/wp-json\/wp\/v2\/pages"}],"about":[{"href":"https:\/\/srdonline.net\/index.php\/wp-json\/wp\/v2\/types\/page"}],"author":[{"embeddable":true,"href":"https:\/\/srdonline.net\/index.php\/wp-json\/wp\/v2\/users\/1"}],"replies":[{"embeddable":true,"href":"https:\/\/srdonline.net\/index.php\/wp-json\/wp\/v2\/comments?post=383"}],"version-history":[{"count":6,"href":"https:\/\/srdonline.net\/index.php\/wp-json\/wp\/v2\/pages\/383\/revisions"}],"predecessor-version":[{"id":511,"href":"https:\/\/srdonline.net\/index.php\/wp-json\/wp\/v2\/pages\/383\/revisions\/511"}],"wp:attachment":[{"href":"https:\/\/srdonline.net\/index.php\/wp-json\/wp\/v2\/media?parent=383"}],"curies":[{"name":"wp","href":"https:\/\/api.w.org\/{rel}","templated":true}]}}